{"id":546,"date":"2018-02-05T06:08:16","date_gmt":"2018-02-05T11:08:16","guid":{"rendered":"https:\/\/the7.io\/digital-agency\/?page_id=13"},"modified":"2025-05-07T11:45:19","modified_gmt":"2025-05-07T11:45:19","slug":"about","status":"publish","type":"page","link":"https:\/\/smileviagens.pt\/?page_id=546","title":{"rendered":"Quem Somos"},"content":{"rendered":"<div class=\"wpb-content-wrapper\"><p>[vc_row equal_height=&#8221;yes&#8221; bg_type=&#8221;bg_color&#8221; bg_override=&#8221;ex-full&#8221; bg_color_value=&#8221;#000000&#8243; css=&#8221;.vc_custom_1518103068009{padding-bottom: 20px !important;}&#8221;][vc_column css=&#8221;.vc_custom_1518188648798{margin-right: 25px !important;margin-bottom: 50px !important;margin-left: 25px !important;padding-top: 50px !important;padding-right: 50px !important;padding-bottom: 5px !important;padding-left: 50px !important;background-color: #ffffff !important;}&#8221; offset=&#8221;vc_col-lg-7 vc_col-md-8&#8243;]<div id=\"ultimate-heading-99596a078138b482d\" class=\"uvc-heading ult-adjust-bottom-margin ultimate-heading-99596a078138b482d uvc-2402 accent-border-color\" data-hspacer=\"line_only\"  data-halign=\"center\" style=\"text-align:center\"><div class=\"uvc-main-heading ult-responsive\"  data-ultimate-target='.uvc-heading.ultimate-heading-99596a078138b482d h2'  data-responsive-json-new='{\"font-size\":\"desktop:34px;mobile_landscape:24px;\",\"line-height\":\"desktop:44px;mobile_landscape:34px;\"}' ><h2 style=\"font-weight:bold;margin-bottom:20px;\">A Smile Viagens<\/h2><\/div><div class=\"uvc-heading-spacer line_only\" style=\"margin-bottom:30px;height:4px;\"><span class=\"uvc-headings-line\" style=\"border-style:solid;border-bottom-width:4px;border-color:;width:100px;\"><\/span><\/div><\/div>[vc_column_text css=&#8221;.vc_custom_1705600853937{padding-bottom: 30px !important;}&#8221;]Smile Viagens e Turismo Lda atua no mercado nacional desde Maio de 2002. A nossa filosofia \u00e9 oferecer ao cliente final, a maior oferta de viagens de qualidade<\/p>\n<p>Concebemos um servi\u00e7o verdadeiro, especializado e personalizado, transformando a nossa capacidade de compra e negocia\u00e7\u00e3o em benef\u00edcios econ\u00f3micos para os nossos clientes.<\/p>\n<p>A nossa experi\u00eancia em planificar tipos de eventos coloca-nos como uma das ag\u00eancias mais reconhecidas na organiza\u00e7\u00e3o de Viagens de incentivos, conven\u00e7\u00f5es e Grandes Grupos.<\/p>\n<p>Selecionamos os melhores profissionais do mercado, com estes profissionais somos capazes de criar equipas s\u00f3lidas e est\u00e1veis, com experi\u00eancia, criatividade e com uma enorme capacidade de comunica\u00e7\u00e3o[\/vc_column_text][vc_row_inner][vc_column_inner width=&#8221;1\/3&#8243; css=&#8221;.vc_custom_1518188473692{padding-bottom: 50px !important;}&#8221;]<div class=\"stats-block stats-top  accent-icon-color  vc_custom_1746618314528\"><div class=\"aio-icon-top\"><div class=\"ult-just-icon-wrapper  \"><div class=\"align-icon\" style=\"text-align:center;\">\n<div class=\"aio-icon none \"  style=\"color:#333333;font-size:32px;display:inline-block;\">\n\t<i class=\"icomoon-fontawesome-16x16-address-card\"><\/i>\n<\/div><\/div><\/div><\/div><div class=\"stats-desc\" id=\"counter-responsv-wrap-4494\"><div id=\"counter_18479110186a078138b4a07\" data-id=\"counter_18479110186a078138b4a07\"  data-ultimate-target='#counter-responsv-wrap-4494 .stats-number'  data-responsive-json-new='{\"font-size\":\"desktop:34px;\",\"line-height\":\"desktop:44px;\"}'  class=\"stats-number ult-responsive\" style=\" color:#333333; font-weight:bold;color:#333333;\" data-speed=\"3\" data-counter-value=\"20\" data-separator=\",\" data-decimal=\".\">0<\/div><div id=\"title-counter_18479110186a078138b4a07\"  data-ultimate-target='#counter-responsv-wrap-4494 .stats-text'  data-responsive-json-new='{\"font-size\":\"desktop:18px;\",\"line-height\":\"desktop:24px;\"}'  class=\"stats-text ult-responsive\" style=\"font-size:px; color:#333333; font-weight:bold;\">Colaboradores<\/div><\/div><\/div>[\/vc_column_inner][vc_column_inner width=&#8221;1\/3&#8243; css=&#8221;.vc_custom_1518188478198{padding-bottom: 50px !important;}&#8221;]<div class=\"stats-block stats-top  accent-icon-color  vc_custom_1705600931545\"><div class=\"aio-icon-top\"><div class=\"ult-just-icon-wrapper  \"><div class=\"align-icon\" style=\"text-align:center;\">\n<div class=\"aio-icon none \"  style=\"color:#333333;font-size:32px;display:inline-block;\">\n\t<i class=\"icomoon-fontawesome-16x16-calendar-alt\"><\/i>\n<\/div><\/div><\/div><\/div><div class=\"stats-desc\" id=\"counter-responsv-wrap-9077\"><div id=\"counter_5491309136a078138b4a86\" data-id=\"counter_5491309136a078138b4a86\"  data-ultimate-target='#counter-responsv-wrap-9077 .stats-number'  data-responsive-json-new='{\"font-size\":\"desktop:34px;\",\"line-height\":\"desktop:44px;\"}'  class=\"stats-number ult-responsive\" style=\" color:#333333; font-weight:bold;color:#333333;\" data-speed=\"3\" data-counter-value=\"24\" data-separator=\",\" data-decimal=\".\">0<\/div><div id=\"title-counter_5491309136a078138b4a86\"  data-ultimate-target='#counter-responsv-wrap-9077 .stats-text'  data-responsive-json-new='{\"font-size\":\"desktop:18px;\",\"line-height\":\"desktop:24px;\"}'  class=\"stats-text ult-responsive\" style=\"font-size:px; color:#333333; font-weight:bold;\">Experi\u00eancia<\/div><\/div><\/div>[\/vc_column_inner][vc_column_inner width=&#8221;1\/3&#8243; css=&#8221;.vc_custom_1518188484594{padding-bottom: 50px !important;}&#8221;]<div class=\"stats-block stats-top  accent-icon-color  vc_custom_1705600979823\"><div class=\"aio-icon-top\"><div class=\"ult-just-icon-wrapper  \"><div class=\"align-icon\" style=\"text-align:center;\">\n<div class=\"aio-icon none \"  style=\"color:#333333;font-size:32px;display:inline-block;\">\n\t<i class=\"fas fa-business-time\"><\/i>\n<\/div><\/div><\/div><\/div><div class=\"stats-desc\" id=\"counter-responsv-wrap-5410\"><div id=\"counter_32404734526a078138b4aee\" data-id=\"counter_32404734526a078138b4aee\"  data-ultimate-target='#counter-responsv-wrap-5410 .stats-number'  data-responsive-json-new='{\"font-size\":\"desktop:34px;\",\"line-height\":\"desktop:44px;\"}'  class=\"stats-number ult-responsive\" style=\" color:#333333; font-weight:bold;color:#333333;\" data-speed=\"3\" data-counter-value=\"100\" data-separator=\",\" data-decimal=\".\">0<\/div><div class=\"counter_suffix mycust ult-responsive\"  data-ultimate-target='#counter-responsv-wrap-5410 .mycust'  data-responsive-json-new='{\"font-size\":\"desktop:34px;\",\"line-height\":\"desktop:44px;\"}'  style=\" font-weight:bold;color:#333333\">+<\/div><div id=\"title-counter_32404734526a078138b4aee\"  data-ultimate-target='#counter-responsv-wrap-5410 .stats-text'  data-responsive-json-new='{\"font-size\":\"desktop:18px;\",\"line-height\":\"desktop:24px;\"}'  class=\"stats-text ult-responsive\" style=\"font-size:px; color:#333333; font-weight:bold;\">Clientes<\/div><\/div><\/div>[\/vc_column_inner][\/vc_row_inner][\/vc_column][vc_column css=&#8221;.vc_custom_1705601058495{margin-right: 25px !important;margin-bottom: 50px !important;margin-left: 25px !important;padding-top: 150px !important;padding-bottom: 150px !important;background-image: url(https:\/\/smileviagens.pt\/wp-content\/uploads\/2024\/01\/alive-travel_predio-1_PB-scaled.jpg?id=8) !important;background-position: center !important;background-repeat: no-repeat !important;background-size: cover !important;}&#8221; offset=&#8221;vc_col-lg-5 vc_col-md-4&#8243;][\/vc_column][\/vc_row][vc_row equal_height=&#8221;yes&#8221; bg_type=&#8221;bg_color&#8221; bg_override=&#8221;ex-full&#8221; bg_color_value=&#8221;#000000&#8243; css=&#8221;.vc_custom_1518190855385{padding-bottom: 30px !important;}&#8221;][vc_column css=&#8221;.vc_custom_1518103114415{padding-bottom: 20px !important;}&#8221;]<div id=\"ultimate-heading-48546a078138b4b56\" class=\"uvc-heading ult-adjust-bottom-margin ultimate-heading-48546a078138b4b56 uvc-5217 \" data-hspacer=\"line_with_icon\" data-hline_width=\"100\" data-hicon_type=\"selector\" data-hborder_style=\"solid\" data-hborder_height=\"4\" data-hborder_color=\"rgba(255,255,255,0.35)\" data-icon_width=\"20\" data-hfixer=\"10\"  data-halign=\"center\" style=\"text-align:center\"><div class=\"uvc-main-heading ult-responsive\"  data-ultimate-target='.uvc-heading.ultimate-heading-48546a078138b4b56 h2'  data-responsive-json-new='{\"font-size\":\"desktop:18px;\",\"line-height\":\"desktop:28px;\"}' ><h2 style=\"font-weight:bold;color:rgba(255,255,255,0.35);\">Sobre n\u00f3s<\/h2><\/div><div class=\"uvc-heading-spacer line_with_icon\" style=\"topheight:20px;\"><div class=\"ult-just-icon-wrapper  \"><div class=\"align-icon\" style=\"text-align:center;\">\n<div class=\"aio-icon none \"  style=\"color:rgba(255,255,255,0.35);font-size:20px;display:inline-block;\">\n\t<i class=\"icomoon-fontawesome-16x16-mouse-pointer\"><\/i>\n<\/div><\/div><\/div><\/div><\/div>[\/vc_column][vc_column width=&#8221;1\/2&#8243; css=&#8221;.vc_custom_1518190859912{padding-bottom: 50px !important;}&#8221; offset=&#8221;vc_col-lg-3 vc_col-md-3&#8243;]<div id=\"ultimate-heading-37206a078138b4bcb\" class=\"uvc-heading ult-adjust-bottom-margin ultimate-heading-37206a078138b4bcb uvc-1844 \" data-hspacer=\"icon_only\"  data-halign=\"center\" style=\"text-align:center\"><div class=\"uvc-heading-spacer icon_only\" style=\"margin-bottom:20px;\"><div class=\"ult-just-icon-wrapper  \"><div class=\"align-icon\" style=\"text-align:center;\">\n<div class=\"aio-icon none \"  style=\"color:#0b79be;font-size:64px;display:inline-block;\">\n\t<i class=\"icomoon-p7stroke-32x32-light\"><\/i>\n<\/div><\/div><\/div><\/div><div class=\"uvc-main-heading ult-responsive\"  data-ultimate-target='.uvc-heading.ultimate-heading-37206a078138b4bcb h2'  data-responsive-json-new='{\"font-size\":\"desktop:20px;\",\"line-height\":\"desktop:30px;\"}' ><h2 style=\"font-weight:bold;color:#ffffff;margin-bottom:10px;\">Miss\u00e3o<\/h2><\/div><div class=\"uvc-sub-heading ult-responsive\"  data-ultimate-target='.uvc-heading.ultimate-heading-37206a078138b4bcb .uvc-sub-heading '  data-responsive-json-new='{\"font-size\":\"desktop:14px;\",\"line-height\":\"desktop:24px;\"}'  style=\"font-weight:normal;margin-bottom:20px;\">Contribuir para, em conjunto, analisarmos os seus projetos de viagem e sugerir-lhe a melhor solu\u00e7\u00e3o, de modo a que no final a sua viagem seja um \u00eaxito<\/div><\/div>[\/vc_column][vc_column width=&#8221;1\/2&#8243; css=&#8221;.vc_custom_1518188735827{padding-bottom: 50px !important;}&#8221; offset=&#8221;vc_col-lg-3 vc_col-md-3&#8243;]<div id=\"ultimate-heading-40616a078138b4c35\" class=\"uvc-heading ult-adjust-bottom-margin ultimate-heading-40616a078138b4c35 uvc-5038 \" data-hspacer=\"icon_only\"  data-halign=\"center\" style=\"text-align:center\"><div class=\"uvc-heading-spacer icon_only\" style=\"margin-bottom:20px;\"><div class=\"ult-just-icon-wrapper  \"><div class=\"align-icon\" style=\"text-align:center;\">\n<div class=\"aio-icon none \"  style=\"color:#0b79be;font-size:64px;display:inline-block;\">\n\t<i class=\"icomoon-p7stroke-32x32-browser\"><\/i>\n<\/div><\/div><\/div><\/div><div class=\"uvc-main-heading ult-responsive\"  data-ultimate-target='.uvc-heading.ultimate-heading-40616a078138b4c35 h2'  data-responsive-json-new='{\"font-size\":\"desktop:20px;\",\"line-height\":\"desktop:30px;\"}' ><h2 style=\"font-weight:bold;color:#ffffff;margin-bottom:10px;\">Valores<\/h2><\/div><div class=\"uvc-sub-heading ult-responsive\"  data-ultimate-target='.uvc-heading.ultimate-heading-40616a078138b4c35 .uvc-sub-heading '  data-responsive-json-new='{\"font-size\":\"desktop:14px;\",\"line-height\":\"desktop:24px;\"}'  style=\"font-weight:normal;margin-bottom:20px;\">Trabalhamos com a m\u00e1xima lealdade, compet\u00eancia e honestidade, tudo fazendo para que a sua viagem lhe traga sempre uma boa recorda\u00e7\u00e3o<\/div><\/div>[\/vc_column][vc_column width=&#8221;1\/2&#8243; css=&#8221;.vc_custom_1518188743917{padding-bottom: 50px !important;}&#8221; offset=&#8221;vc_col-lg-3 vc_col-md-3&#8243;]<div id=\"ultimate-heading-65226a078138b4c9a\" class=\"uvc-heading ult-adjust-bottom-margin ultimate-heading-65226a078138b4c9a uvc-9668 \" data-hspacer=\"icon_only\"  data-halign=\"center\" style=\"text-align:center\"><div class=\"uvc-heading-spacer icon_only\" style=\"margin-bottom:20px;\"><div class=\"ult-just-icon-wrapper  \"><div class=\"align-icon\" style=\"text-align:center;\">\n<div class=\"aio-icon none \"  style=\"color:#0b79be;font-size:64px;display:inline-block;\">\n\t<i class=\"icomoon-fontawesome-16x16-handshake2\"><\/i>\n<\/div><\/div><\/div><\/div><div class=\"uvc-main-heading ult-responsive\"  data-ultimate-target='.uvc-heading.ultimate-heading-65226a078138b4c9a h2'  data-responsive-json-new='{\"font-size\":\"desktop:20px;\",\"line-height\":\"desktop:30px;\"}' ><h2 style=\"font-weight:bold;color:#ffffff;margin-bottom:10px;\">Lealdade<\/h2><\/div><div class=\"uvc-sub-heading ult-responsive\"  data-ultimate-target='.uvc-heading.ultimate-heading-65226a078138b4c9a .uvc-sub-heading '  data-responsive-json-new='{\"font-size\":\"desktop:14px;\",\"line-height\":\"desktop:24px;\"}'  style=\"font-weight:normal;margin-bottom:20px;\">Teremos prazer em estar em todos os momentos ao lado dos nossos clientes<\/div><\/div>[\/vc_column][vc_column width=&#8221;1\/2&#8243; css=&#8221;.vc_custom_1518188751079{padding-bottom: 50px !important;}&#8221; offset=&#8221;vc_col-lg-3 vc_col-md-3&#8243;]<div id=\"ultimate-heading-26626a078138b4cfd\" class=\"uvc-heading ult-adjust-bottom-margin ultimate-heading-26626a078138b4cfd uvc-2098 \" data-hspacer=\"icon_only\"  data-halign=\"center\" style=\"text-align:center\"><div class=\"uvc-heading-spacer icon_only\" style=\"margin-bottom:20px;\"><div class=\"ult-just-icon-wrapper  \"><div class=\"align-icon\" style=\"text-align:center;\">\n<div class=\"aio-icon none \"  style=\"color:#0b79be;font-size:64px;display:inline-block;\">\n\t<i class=\"icomoon-p7stroke-32x32-graph2\"><\/i>\n<\/div><\/div><\/div><\/div><div class=\"uvc-main-heading ult-responsive\"  data-ultimate-target='.uvc-heading.ultimate-heading-26626a078138b4cfd h2'  data-responsive-json-new='{\"font-size\":\"desktop:20px;\",\"line-height\":\"desktop:30px;\"}' ><h2 style=\"font-weight:bold;color:#ffffff;margin-bottom:10px;\">Compet\u00eancia<\/h2><\/div><div class=\"uvc-sub-heading ult-responsive\"  data-ultimate-target='.uvc-heading.ultimate-heading-26626a078138b4cfd .uvc-sub-heading '  data-responsive-json-new='{\"font-size\":\"desktop:14px;\",\"line-height\":\"desktop:24px;\"}'  style=\"font-weight:normal;margin-bottom:20px;\">Para procurar caso a caso a melhor solu\u00e7\u00e3o<\/div><\/div>[\/vc_column][\/vc_row]<\/p>\n<\/div>","protected":false},"excerpt":{"rendered":"<p>[vc_row equal_height=&#8221;yes&#8221; bg_type=&#8221;bg_color&#8221; bg_override=&#8221;ex-full&#8221; bg_color_value=&#8221;#000000&#8243; css=&#8221;.vc_custom_1518103068009{padding-bottom: 20px !important;}&#8221;][vc_column css=&#8221;.vc_custom_1518188648798{margin-right: 25px !important;margin-bottom: 50px !important;margin-left: 25px !important;padding-top: 50px !important;padding-right: 50px !important;padding-bottom: 5px !important;padding-left: 50px !important;background-color: #ffffff !important;}&#8221; offset=&#8221;vc_col-lg-7 vc_col-md-8&#8243;][vc_column_text css=&#8221;.vc_custom_1705600853937{padding-bottom: 30px !important;}&#8221;]Smile Viagens e Turismo Lda atua no mercado nacional desde Maio de 2002. A nossa filosofia \u00e9 oferecer ao cliente final, a maior oferta de viagens&hellip;<\/p>\n","protected":false},"author":1,"featured_media":0,"parent":0,"menu_order":30,"comment_status":"closed","ping_status":"closed","template":"","meta":{"footnotes":""},"class_list":["post-546","page","type-page","status-publish","hentry","description-off"],"_links":{"self":[{"href":"https:\/\/smileviagens.pt\/index.php?rest_route=\/wp\/v2\/pages\/546","targetHints":{"allow":["GET"]}}],"collection":[{"href":"https:\/\/smileviagens.pt\/index.php?rest_route=\/wp\/v2\/pages"}],"about":[{"href":"https:\/\/smileviagens.pt\/index.php?rest_route=\/wp\/v2\/types\/page"}],"author":[{"embeddable":true,"href":"https:\/\/smileviagens.pt\/index.php?rest_route=\/wp\/v2\/users\/1"}],"replies":[{"embeddable":true,"href":"https:\/\/smileviagens.pt\/index.php?rest_route=%2Fwp%2Fv2%2Fcomments&post=546"}],"version-history":[{"count":5,"href":"https:\/\/smileviagens.pt\/index.php?rest_route=\/wp\/v2\/pages\/546\/revisions"}],"predecessor-version":[{"id":792,"href":"https:\/\/smileviagens.pt\/index.php?rest_route=\/wp\/v2\/pages\/546\/revisions\/792"}],"wp:attachment":[{"href":"https:\/\/smileviagens.pt\/index.php?rest_route=%2Fwp%2Fv2%2Fmedia&parent=546"}],"curies":[{"name":"wp","href":"https:\/\/api.w.org\/{rel}","templated":true}]}}